9
Let q = 90 - 90. Suppose -4*x - 4*z - 1000 = -q*x, -2*z + 1250 = -5*x. List the prime factors of (-2*2)/((-5)/x*-4).
2, 5
Suppose -86 - 34 = -20*j. What are the prime factors of j*2968/24 - 1*-5?
3, 83
Suppose 3*b - 6*b + 12 = 0. Suppose 4 = -w - 2*p, -w - b*w - 3*p - 6 = 0. Suppose w = 4*l - 2*r - 256, -3 = 5*r - 13. What are the prime factors of l?
5, 13
Let w = 567 + -1391. Let j = -570 - w. What are the prime factors of j?
2, 127
Let g be 0 + ((-45)/(-6))/((-3)/(-10)). Suppose 17*c - g*c = -1648. List the prime factors of c.
2, 103
Let x = -17 + 35. Suppose 5*z - 38 = -x. Suppose -2*i + 0*k + 202 = k, -4*i + 412 = z*k. List the prime factors of i.
3, 11
Let a(q) = 5674*q**2 - 3*q + 56. Let l be a(8). What are the prime factors of (22/26 - 1) + l/1014?
2, 179
Suppose 328090 = -36*v + 122*v. What are the prime factors of v?
5, 7, 109
Suppose 924*d = 897*d + 334777 - 78142. List the prime factors of d.
5, 1901
Let x(u) = -121529*u**2 - 5*u + 2. Let o be x(1). What are the prime factors of 4/(-10) + o/(-230)?
2, 3, 11
Let a = 5 + 14. Let c = a - 9. Let j(r) = r**3 - 10*r**2 + 2*r. List the prime factors of j(c).
2, 5
Suppose 0 = -5*a + 5*y + 180, 0 = -5*a + 2*y + 97 + 86. Let d = -285 - -287. Suppose 3*j - 2*j - 4*f - a = 0, -d*j + 5*f + 77 = 0. List the prime factors of j.
41
What are the prime factors of ((-1820)/80 + 19)*2932/(-3)?
5, 733
Let u = 88 - 61. Let n = -30 + u. List the prime factors of (-318)/n*(-3)/(-2).
3, 53
Let s(n) = -29*n**2 + 5*n - 7. Let w be s(2). Let c = w - -71. Let m = 95 + c. List the prime factors of m.
53
Let w(g) = -2*g**3 - 100*g**2 + 104*g + 88. Let n be w(-51). Suppose 2*f - 2*z = -7*z + 239, z - 251 = -2*f. Let u = f + n. What are the prime factors of u?
113
What are the prime factors of -2 - 0 - (2928/(-8) + 11)*91?
32303
Let w(g) = 3216*g - 3838. What are the prime factors of w(8)?
2, 5, 11, 199
Let r = -1 - -5. Suppose -5*k + 3293 = -r*w, 0*k - 4*k = -4*w - 2632. Suppose 5*s - 119 = k. What are the prime factors of s?
2, 3, 13
Let f(d) = d**3 + 16*d**2 - d + 19. Let g be f(-16). Suppose -5*p - 25 = -g. Suppose -r - 6 = 2*r, p*r + 32 = 4*q. What are the prime factors of q?
7
Suppose 0 = 22*g + 13 - 57. Suppose g*h + 139 = 3*w - 3*h, 3*h = 3*w - 129. What are the prime factors of w?
2, 19
Suppose -222*j = -217*j - 30. What are the prime factors of (0 - 0) + (10 - j - -246)?
2, 5
Let v = 60 + -42. Let s = v - 39. Let b = 36 + s. What are the prime factors of b?
3, 5
Suppose k + t - 1522 = 0, t + 1518 = 3*k - 2*k. Suppose 0 = -20*z + 22*z - k. Suppose 7*b - z = 605. What are the prime factors of b?
3, 5, 13
Suppose -2*b - 5*k - 8 = -3*k, 0 = 2*b + 3*k + 7. Let c(g) = 68*g + 1243. Let p be c(-18). List the prime factors of 6*p + (-2 - -6) + b.
113
Let p(b) = 96*b + 174. Let n be p(-3). List the prime factors of 6 + n/8*-12.
3, 59
Suppose -261*k = -258*k - 12. Suppose -k*z + 563 = -1153. What are the prime factors of z?
3, 11, 13
Let t(f) = 314*f**3 - 4 - 315*f**3 + 24 + 10*f**2 + 58*f - 42*f**2. What are the prime factors of t(-34)?
2, 3, 5
Let n(i) = i**3 - 5*i - 6. Suppose -24 = 4*b + 16. Let d = -5 - b. What are the prime factors of n(d)?
2, 47
Suppose -86 = -2*n + 2*l, -4*n - 4*l = -3*n - 63. Suppose -49*t = -n*t - 750. What are the prime factors of t?
3, 5
Let g(h) = -3*h**2 - 9*h - 12. Let w be g(13). Let t = 1090 + w. List the prime factors of t.
2, 227
Suppose 0 = -4*h + w - 6*w + 361, -2*h = -3*w - 175. Let b = 292 - h. What are the prime factors of b?
7, 29
Suppose -1052*l = -1050*l - 14876. What are the prime factors of l?
2, 3719
Let y = -10490 - -26883. What are the prime factors of y?
13, 97
Suppose 3 = -5*p + 18. Suppose -p*d + 32 = -4*q, -5*d - 5 = 3*q + 2*q. Suppose -5*r = x - 86, d*r + 14 = 5*r - 3*x. List the prime factors of r.
17
Let r = -3666 - -16748. List the prime factors of r.
2, 31, 211
Let o = -229 - -240. Suppose 0 = o*g - 28*g + 14008. What are the prime factors of g?
2, 103
Let y = 71981 - 50295. List the prime factors of y.
2, 7, 1549
Suppose 543 = 5*h - 3*j, -2*h - 3*j + 234 = -0*h. Let m = -101 + h. What are the prime factors of 2552/m - 9/45?
3, 5, 17
Suppose 0 = 2*d - 3*l - 47, -d = 5*l - 49 - 7. Let z = 33 - d. Let k(w) = 5*w**2 - w. What are the prime factors of k(z)?
2, 3
Suppose -16*g = 4*g + 36*g - 232792. List the prime factors of g.
4157
Let k(l) = -2*l**3 + 7*l**2 + 3*l + 3. Let f be k(4). Let o(b) = 55*b**2 - 9*b - 8. What are the prime factors of o(f)?
2, 7
Let x(z) be the first derivative of -5*z**2/2 + 10*z + 32. Let n be x(0). Let w(t) = -t**3 + 14*t**2 - 24*t + 4. List the prime factors of w(n).
2, 41
Suppose -3*a + 3*x = -45, -a - 4*x + 3 = -2. Suppose -a*i + 959 = -627. Let z = -19 + i. What are the prime factors of z?
103
Suppose 10 = 2*f, 5*m - 269 + 49 = -f. Let b = 194 + m. List the prime factors of b.
3, 79
Let p = -35321 + 62744. List the prime factors of p.
3, 11, 277
Let m = 336 + 234. Suppose 4*x + 22 = 2*k, x + 13 = -k + 3*k. Suppose 0*n + m = k*n. List the prime factors of n.
2, 3, 19
Suppose 0 = -11*x + 10*x - 23. Let p(z) = 5*z - 3. Let d be p(x). Let i = -73 - d. What are the prime factors of i?
3, 5
Let t(d) = 155*d**2 - 71*d - 1. Let v be t(-3). Let i = 82 + v. List the prime factors of i.
3, 563
Suppose -62*f + 205519 + 21897 = 0. What are the prime factors of f?
2, 7, 131
Let v(s) = 2*s**2 - 5*s - 35. Let a be v(-7). Let x = 80 - a. What are the prime factors of (x/4)/((-3)/6)?
3
Suppose -4*r + 12 = 0, 0*p - 3*p = -4*r - 6. Suppose 0 = p*l - 153 - 417. List the prime factors of l.
5, 19
Suppose -7976 = 2*r - 6*r - 4*l, -4*l + 1979 = r. Let g = r + -524. Suppose 8*z = 285 + g. What are the prime factors of z?
2, 5, 11
Let q(l) = 2*l**3 - 5*l**2 - 6*l + 14. Let m be q(3). Let b(j) = -2*j**2 + 3*j**3 - 2*j**2 + 3*j - 13*j - 1. List the prime factors of b(m).
2, 7
Suppose 2*r + 1246 = t, 4*t = 2*r + 3530 + 1448. Suppose -1486 - t = -5*i. What are the prime factors of i?
2, 3, 7, 13
What are the prime factors of 1132154/50 + (-766)/9575?
22643
Suppose 142245 = 3*s - 2*u, -9*s - u = -2*u - 426765. List the prime factors of s.
47419
Suppose -3*c + 4*v + 52483 = 0, 2*c - 23342 = -v + 11643. List the prime factors of c.
3, 7, 17
What are the prime factors of (-32)/432 + (-160)/27 - (2 + -9917)?
3, 367
Let v(b) = b**2 + 7*b - 15. Let j be v(-9). Suppose j*c - 7 = 11. What are the prime factors of (14/c)/((-6)/(-36))?
2, 7
Suppose -5*a = -4*q + 452, q - 3*q + 226 = -3*a. Let i = q + 211. List the prime factors of i.
2, 3
Let i(z) = z**3 - 7*z**2 - z + 9. Let j be i(7). Suppose -2*m = -2*h - m + 8, -j*m + 2 = 5*h. List the prime factors of 199 - h - 3*(-10)/15.
199
List the prime factors of 36495 - 126/(-9) - (-4 - -12*1).
3, 23
Let h(c) = -c**2 + 7*c + 4. Let r be h(8). Let y = 1755 + -1605. What are the prime factors of y/39 + r + 1527/39?
3, 13
Let w = 198 + -194. Suppose -z = -5*k + 10*k - 194, w*z - 4*k = 728. List the prime factors of z.
2, 23
Let u = -4281 + 4425. What are the prime factors of u?
2, 3
Let w(p) = -p**3 + 4*p**2 + 14*p + 8839. What are the prime factors of w(0)?
8839
Suppose -41 = -3*v - 35. Suppose v*l - 611 = -9*f + 6*f, 0 = 2*l - 5*f - 651. What are the prime factors of l?
313
Let z = -58 - -46. Let y be (z/(-2 + -2))/(3 - 4). List the prime factors of ((-138)/y - 0)*(-10)/(-4).
5, 23
List the prime factors of (41 - 21166)*1/(-2)*16/20.
2, 5, 13
Let d = 18702 - 12248. List the prime factors of d.
2, 7, 461
Let u(w) = -2*w**2 + 2*w + 127. Let f be u(0). Let k = -33 + f. Let g = k - 29. List the prime factors of g.
5, 13
Suppose -4549854 = 482*d - 696*d. What are the prime factors of d?
3, 19, 373
Suppose -3*d + 3*h + 3 = 0, -12 = 4*d + 3*h + 5. Let r(f) = -15*f + 19. Let j(m) = 22*m - 29. Let k(l) = 5*j(l) + 8*r(l). What are the prime factors of k(d)?
3
Let u = -39393 + 64893. List the prime factors of u.
2, 3, 5, 17
Let o = 9931 - 8055. What are the prime factors of o?
2, 7, 67
Let h = -181 + 488. Suppose 2*g + 3*g - 5 = 0, -4*v = -5*g - h. List the prime factors of v.
2, 3, 13
Let n be -14*((-36)/(-7))/2. Let i be (18/n)/((-1)/(-30)). List the prime factors of (48/i)/((-9)/45).
2
Suppose -102*w + 5*p = -98*w - 4262, -w + 1066 = -p. What are the prime factors of w?
2, 3, 89
Suppose 0 = -2*b + b + y + 43779, 5*b - 2*y = 218